. Is n(g) prime?
False
Let i be 0/(2 + -5 - -4). Suppose -5*f + 0*m = -m - 607, 4*f - 2*m - 488 = i. Is f a prime number?
False
Suppose s - 51 = -0*s. Suppose -5*d + s = -24. Is d a composite number?
True
Suppose 9*v - 8*v = 591. Is v a composite number?
True
Let f(w) be the third derivative of -w**6/120 + 7*w**5/60 - 7*w**4/24 + 4*w**3/3 + 2*w**2. Let v be 1 - 1 - (-9 - -3). Is f(v) a composite number?
False
Let f(t) = t**3 + 15*t**2 + 2*t - 7. Is f(-7) composite?
True
Let j(n) = 2*n**3 + n**2 + n - 1. Suppose 4*x - 5*x = -1. Let h be j(x). Suppose h*d - 5*d = -2*g - 64, 0 = -5*d - g + 166. Is d a prime number?
False
Suppose 0*w - 3*w - 79 = -5*d, -4*w - 86 = 3*d. Let o = w + 60. Is o a prime number?
True
Suppose 5*u - 5*d = 60 - 0, 3*u - 5*d = 32. Suppose -a + u = 3*h, 4 = 2*a - 3*h - 6. Suppose c - 13 - a = -2*n, n + 7 = -4*c. Is n prime?
True
Suppose -1863 - 3333 = -2*d - 3*l, -l = 0. Suppose 6*k - d = 60. Is k a composite number?
False
Let w be -3 + 4/(-6)*-477. Let h = w - 152. Is h prime?
True
Let a = 16 + 2. Suppose 4*l = 2*p - a, 28 = p + 4*l - 5. Suppose 5*g - 177 - 18 = -2*n, -4*n - p = -g. Is g a prime number?
True
Suppose 3*s = -3*n + 12, 4*n - n = 12. Suppose t + z - 7 - 34 = s, 49 = t + 3*z. Is t a composite number?
False
Let a(y) be the first derivative of -3*y**2/2 - 4*y + 3. Let n be a(-3). Suppose -n*i - 2*t = -567, -i - 31 = -2*t - 142. Is i a prime number?
True
Is (-1)/(-4) - 6192/(-64) composite?
False
Let i = 322 + -161. Is i a composite number?
True
Let h(t) = 59*t**2 + 2*t - 8. Is h(3) prime?
False
Let f = -385 - -563. Is f composite?
True
Let d be -2 - -3*30/9. Let s(x) = -x**3 + 9*x**2 - 5*x + 11. Is s(d) a composite number?
True
Let k = -2234 + 10587. Is k a prime number?
True
Suppose -3*a = -0*a - 1257. Is a a prime number?
True
Suppose 6*i - 753 = 3*i. Is i a prime number?
True
Suppose -3*z = 2*z. Suppose z*c + 2*c = 5*i - 1901, 3*i - 5*c - 1133 = 0. Is i a prime number?
False
Suppose 0 = 4*c - 2*n - 2846, c + 3*n - 684 = -2*n. Is c composite?
False
Let y(t) = 2233*t + 12. Is y(1) composite?
True
Is (2 - (-7)/(-2))/(6/(-3896)) a composite number?
True
Let n(c) = c**2 - c + 53. Is n(0) composite?
False
Suppose 3*o - 17 = -5*y, 2*y - 5*o = -6 - 12. Let i be 1/(y/(-1))*-2. Suppose 175 = i*d + 3*d. Is d a prime number?
False
Let n(f) = f**3 - f**2 - 7*f - 5. Let b be n(7). Suppose 35 = -h + b. Is h a composite number?
True
Let h = -11 + 2. Let n be 2/h + (-60)/(-27). Suppose -2*t + 76 = n*t. Is t a prime number?
True
Let p(x) = -273*x - 32. Is p(-3) prime?
True
Let g(m) be the second derivative of -13*m**3/6 + m**2/2 - 2*m. Let r be g(-2). Suppose 0 = 2*q - 0*q + 5*n - 34, r = q + 5*n. Is q a prime number?
True
Let t(m) = -m**3 + 11*m**2 - 8*m + 9. Suppose -n = 2*s - 6*s + 29, 0 = -s - 5*n + 2. Is t(s) prime?
True
Suppose -3*y - l + 4022 = 1256, 4*l + 3672 = 4*y. Is y prime?
False
Suppose -z + 50 - 365 = 0. Let f = 536 + z. Is f prime?
False
Is (-6)/15 - (-1214)/10 composite?
True
Let i be 155/55 - 4/(-22). Suppose 41 = 2*z - 3*o - 171, i*z - 3*o = 318. Suppose z - 43 = 3*r. Is r composite?
True
Let w = 87 - 47. Suppose g + 3*g + 4*k = w, -3*g + 38 = k. Is g prime?
False
Suppose -u = 0, -3*m - 2*u + 45 = 2*m. Suppose -4*z + z = -m. Suppose z*k - 90 = 201. Is k prime?
True
Suppose 10 + 5 = 5*n. Suppose -4*p = -2*v - n*v + 63, -3*v - p + 31 = 0. Is v prime?
True
Let z = 3 - 4. Let p be (-26)/(-4) + z/(-2). Let q = 4 + p. Is q a prime number?
True
Let d(j) = 59*j**3 - j**2 + j. Is d(1) prime?
True
Suppose 1 + 2 = 3*l. Is -66*((-1)/2)/l a composite number?
True
Let u be ((-2)/3)/(4/(-18)). Suppose 3*w - 2*x - 168 = -5*x, u*w - 189 = 4*x. Is w a composite number?
False
Suppose 0*f + 370 = 5*f. Let p = f + -37. Is p a prime number?
True
Suppose -659 = -c + 171. Suppose 4*g + g - c = 0. Is g composite?
True
Suppose 5*s - 85 = -5*u, 2*s - 22 = u - 2*u. Suppose u = t - 0*t. Is (1 - 2)/((-2)/t) composite?
True
Let m(b) = -2*b - 1. Let r(o) = -2. Let u(t) = 2*m(t) + 4*r(t). Is u(-9) composite?
True
Let s(v) = v**2 + 6*v - 3. Let a be s(6). Suppose -3*b + 16 - 4 = 0, 5*t + b = 24. Suppose d - t*d + a = 0. Is d a composite number?
False
Let q(o) = 5*o - 5. Let z(r) = -11*r + 11. Let s(c) = -9*q(c) - 4*z(c). Is s(-5) composite?
True
Let j = -2 + 5. Suppose j*b - 162 = m + m, -b + 5*m = -54. Suppose -3*g + 3*a = -b, -2*a - 41 - 21 = -4*g. Is g prime?
True
Let h(g) = 2*g - 4. Suppose 4*j - 4*x = 0, 4*j + 7*x - 4*x = 35. Suppose -5*q - j*n = 11 - 41, -5*q + 3*n + 22 = 0. Is h(q) a prime number?
False
Suppose -5*r + 31 = 4*f, 0 = -3*f - 2*f + 20. Let a be -1 - -294 - (19 + -17). Suppose -y - 3*y + r*n + 388 = 0, -a = -3*y - n. Is y composite?
False
Suppose 0 = -2*i + 10, 201 = 2*h + 2*h + 5*i. Suppose 531 + h = 5*k. Is k prime?
False
Suppose 2*n - a = 2*a - 14, -5*n - 2*a = 54. Is (-1788)/n*(-5)/(-2) a prime number?
False
Suppose -t = -1, -l - 5*t = -5*l - 29. Suppose u + 3*d - 16 = -0*d, 3*u - d = 78. Let q = l + u. Is q a prime number?
True
Suppose -1066 = -2*f - 232. Is f prime?
False
Let n be 2/(-2) - 2/(-2). Suppose 3*h + 0*h = n. Suppose -99 = -h*r - 3*r. Is r a prime number?
False
Let m(d) = 33*d**2 - 2*d + 4. Let k be m(5). Is k/15 + (-2)/(-5) a composite number?
True
Let h(s) be the first derivative of 11*s**2 + s + 5. Is h(6) a composite number?
True
Let z = -5 - -5. Suppose 2*n - 4*n + 598 = z. Is n prime?
False
Let g(v) = -v**3 + 10*v**2 + 13*v + 17. Is g(-9) prime?
True
Let c(k) = -25*k - 3. Let w(v) = -v**3 - 8*v**2 + 9*v - 4. Let m be w(-9). Is c(m) composite?
False
Let i(k) = 13*k**2 - k - 1. Suppose 2*c - g = 8, 4*g = -3*c - c + 4. Is i(c) a composite number?
False
Is (-3 + 70*30/(-9))*-3 prime?
True
Let o(l) = 12*l - 2. Let c be o(-5). Let n = 108 + c. Is n a prime number?
False
Let f be 0 + 1/((-2)/(-306)). Let y = f - 58. Is y prime?
False
Let v(k) = 2551*k - 25. Is v(2) a prime number?
True
Suppose 7*i = 3*i + 2140. Is i prime?
False
Suppose 5*o = 4*m - 864, 3*m + 5*o - 274 = 339. Is m a prime number?
True
Suppose 0 = 6*k - 4*k - 14. Let o = 8 - k. Is (29 - o) + -2 + -1 composite?
True
Let k = 1045 - 724. Is k composite?
True
Let n(h) = h + 6. Let s be n(0). Is 88 + 2/4*s a composite number?
True
Suppose 2*i - 157 = 585. Is i a prime number?
False
Let s be 3 - (0 + -3 + 2). Suppose -s*x = 3 - 239. Is x composite?
False
Suppose -3*i - p + 3*p + 476 = 0, 0 = -4*i - 5*p + 627. Suppose -f = f - i. Is f a composite number?
False
Let n = 617 + -86. Let k = n - 294. Is k a composite number?
True
Let m = -1305 - -1843. Is m composite?
True
Suppose 0 = -2*k + k + t + 31, k = -3*t + 43. Is k prime?
False
Let h(r) = r**2 - 8*r - 4. Let i(g) = -g**2 + 9*g + 5. Let x(k) = -2*h(k) - 3*i(k). Let f(p) = -p**3 - p**2 + p + 2. Let c be f(2). Is x(c) composite?
True
Suppose 53 = 2*s + 3*d, -3*s - d = -12 - 50. Is s a prime number?
True
Suppose -5*j + 2*s = 7*s - 1325, -j - 5*s = -265. Is j a prime number?
False
Let t be 382 - (-1 + (1 - -1)). Suppose 2*g + g - t = 0. Is g a prime number?
True
Let q(m) = m**2 + 3*m - 11. Let o = 9 - 1. Is q(o) composite?
True
Let w = -8 + 8. Is -5 + 2 - (w + -41) prime?
False
Let j = -16 - -19. Suppose j*k - 125 = 16. Is k a composite number?
False
Let u = 883 - 326. Is u a prime number?
True
Suppose -2*o = -5*b + 29, o = -3*o - 8. Let w(n) = n**2 - 5*n + 3. Let c be w(b). Suppose -2*f = -4*k - 51 - 103, 2*k + 235 = c*f. Is f prime?
True
Suppose -4*q - g + 124 = -6*g, g - 93 = -3*q. Is q a composite number?
False
Suppose -16 = -m - 4. Suppose -5*p - u = -8, -5*u + 6 = 3*p - m. Let l = 32 - p. Is l a composite number?
False
Let k be 150 - ((3 - 3) + 2). Is (9/18)/(2/k) a composite number?
False
Suppose 0*d + d = k + 5, k = 2*d - 10. Suppose d*v - 178 = 3*o, 4*v + 6*o = o + 135. Suppose -g = 3*t - v - 13, -t = g - 18. Is t composite?
True
Let j(s) = s**3 + 6*s**2 + 5*s - 7. Let c be j(-5). Let v be (5 + c)/((-1)/(-5)). Is 8/20 + (-846)/v a composite number?
True
Let j(u) = -163*u - 28. Is j(-9) prime?
True
Let l(p) = p**3 + p**2 + 8. Let j be l(0). Let r = -6 + j. Suppose d = r*d - 6. Is d a prime number?
False
Let y be (4/6)/((-1)/3). Let x be y/(-4)*(-4 - 8). Is (-58)/x + (-1)/(-3) composite?
True
Suppose s = -3*s + 7324. Is s a prime number?
True
Let j = -295 + 516. Is j a prime number?
False
Su